2. Give v(2).
-68
Let l(w) = 5*w - 26. What is l(7)?
9
Let m(o) = -o**3 - 2*o**2 + 5. Give m(0).
5
Let b(c) = -2*c - 50. Calculate b(-16).
-18
Let g(s) = 46*s**3 - s**2. Give g(-1).
-47
Let l(h) = -4*h + 37. Give l(18).
-35
Let r(h) = -34*h**2 - h + 1. Calculate r(1).
-34
Let v(s) = s**2 - 7*s - 8. Determine v(7).
-8
Let w(n) = -11*n + 3. Determine w(-1).
14
Let v(j) = -4*j**2 + 5. Give v(4).
-59
Let s(t) = t**2 - 13*t - 12. Determine s(14).
2
Let n(w) = -72*w - 226. What is n(-3)?
-10
Let l(b) = b**3 - b**2 + b + 4. Calculate l(0).
4
Let y(v) = -v - 1. What is y(-7)?
6
Let p(l) = -5*l - 52. Give p(-11).
3
Let p(b) = 8*b + 40. What is p(-4)?
8
Let n(a) = -a**3 + 3*a**2 + a + 7. Calculate n(3).
10
Let k(s) = 16*s**2 - 3*s + 1. Give k(1).
14
Let i(h) = 5*h - 4. Determine i(12).
56
Let h(r) = -r**3 - 8*r**2 - 9*r. Give h(-6).
-18
Let g(q) = 27*q**3 + 3*q**2 + 2*q. What is g(-1)?
-26
Let i(v) = 11*v. Determine i(-1).
-11
Let p(k) = 3*k**2 - 13*k - 5. Determine p(6).
25
Let l(z) = -z**3 + 6*z**2 - 5*z + 14. Determine l(7).
-70
Let i(s) = -s**2 + s + 9. Calculate i(-3).
-3
Let g(j) = j**2 - 8*j - 5. What is g(7)?
-12
Let m(a) = a**3 + 5*a**2 + 6*a + 20. What is m(-5)?
-10
Let k(l) = l - 5. Calculate k(4).
-1
Let h(b) = -b**2 - 3*b - 2. Give h(-2).
0
Let m(x) = 5*x**2 + 61*x - 10. Give m(-12).
-22
Let l(h) = -8*h - 1. Calculate l(3).
-25
Let r(p) = -67*p - 329. Calculate r(-5).
6
Let u(h) = 5*h - 86. What is u(14)?
-16
Let u(d) = -d**3 + 4*d**2 - 7*d + 3. Calculate u(3).
-9
Let l(a) = a**3 + 12*a**2 + 6*a - 20. What is l(-11)?
35
Let y(b) = 2*b**2 - 14*b. Calculate y(8).
16
Let i(l) = -5*l**2 + 9*l - 7. What is i(1)?
-3
Let b(t) = t**3 - 10*t**2 + 25*t - 15. Calculate b(7).
13
Let d(p) = -2*p**2 - 90*p - 2. Give d(0).
-2
Let b(m) = -6*m**2 + 2*m + 1. Give b(-1).
-7
Let a(y) = 11*y**2. What is a(1)?
11
Let w(x) = 15*x + 2. What is w(1)?
17
Let m(o) = o**2 - o. Determine m(-9).
90
Let p(s) = -s + 11. Determine p(-19).
30
Let l(g) = g + 3. Calculate l(3).
6
Let s(h) = 5*h + 16. What is s(6)?
46
Let d(k) = -k**3 + 14*k**2 - k + 15. Determine d(14).
1
Let o(n) = -n**3 + 7*n**2 - 13*n + 44. Calculate o(6).
2
Let y(w) = 3*w**2 - 20*w - 14. Determine y(7).
-7
Let p(o) = -2*o + 58. Give p(28).
2
Let u(h) = h**2 + 6*h - 17. Determine u(-8).
-1
Let l(c) = -c**3 + 4*c**2 + 6*c - 2. Give l(6).
-38
Let p(z) = 14*z - 62. Calculate p(6).
22
Let i(d) = 5*d**3 + 21*d**2 + 3*d - 5. Determine i(-4).
-1
Let z(u) = u**2 + 14*u + 33. Give z(-9).
-12
Let x(u) = -7*u + 47. What is x(6)?
5
Let m(o) = 7*o + 2. What is m(-7)?
-47
Let r(j) = -j**3 + 6*j**2 + 12*j - 4. Give r(8).
-36
Let g(f) = -f**2 + 6*f - 7. What is g(6)?
-7
Let k(n) = n**2 + 18*n + 72. Give k(-12).
0
Let z(v) = -v**2 + 3*v + 7. Calculate z(5).
-3
Let i(v) = -v**3 - 6*v**2 - 9*v - 5. Determine i(-5).
15
Let b(k) = 7*k - 4. Calculate b(-8).
-60
Let d(a) = 20*a - 2. What is d(1)?
18
Let u(n) = 8*n**2 + 2*n + 1. Give u(2).
37
Let i(r) = -17*r**3 - r**2 - 4*r - 2. Give i(-1).
18
Let x(j) = -3*j + 18. What is x(7)?
-3
Let r(s) = -s**3 - 8*s**2 - 7*s + 9. Determine r(-7).
9
Let h(n) = 6*n**2 + 63*n + 32. Calculate h(-10).
2
Let f(q) = -q**3 + 21*q**2 - 22*q + 3. Give f(20).
-37
Let d(t) = -t - 8. Determine d(13).
-21
Let d(w) = w**2 - 5*w + 1. Give d(2).
-5
Let m(a) = -4*a**2 - 25*a + 163. Calculate m(4).
-1
Let v(i) = -10*i - 1. What is v(2)?
-21
Let x(y) = -3*y**2 - y + 27. Give x(5).
-53
Let d(h) = -h**2 - 14*h + 102. What is d(-19)?
7
Let o(u) = -u**3 + u**2 - u + 11. What is o(0)?
11
Let h(t) = -109*t + 1. Give h(-1).
110
Let j(g) = -3*g - 57. Calculate j(-15).
-12
Let b(f) = f**3 - f**2 + 2*f + 5. Determine b(0).
5
Let j(c) = -c**3 + 4*c - 5. What is j(2)?
-5
Let z(c) = -c**3 + 4*c**2 + 5*c + 12. Give z(5).
12
Let i(p) = 2*p**3 - 16*p**2 + 5*p - 36. Give i(8).
4
Let r(l) = -2*l**2 + 7*l + 2. Calculate r(2).
8
Let q(u) = -u**3 - 8*u**2 - 2*u + 4. What is q(-6)?
-56
Let n(g) = g**3 + 8*g**2 - 11*g - 13. What is n(-9)?
5
Let p(s) = -s**3 + 6*s**2 + 4*s - 9. What is p(6)?
15
Let c(g) = g - 25. Calculate c(25).
0
Let a(f) = -f**2 + 6*f - 1. Determine a(4).
7
Let i(w) = w**3 - 10*w**2 + 8*w - 22. Determine i(9).
-31
Let z(w) = 16*w**2 - 495*w - 36. Give z(31).
-5
Let i(b) = b**2 - 7*b + 1. What is i(7)?
1
Let o(c) = c**3 + 10*c**2 + 10*c + 20. Give o(-9).
11
Let l(o) = o**2 - 8*o + 14. Determine l(6).
2
Let g(m) = -m**3 + 6*m**2 + 5*m - 30. What is g(4)?
22
Let g(v) = v**3 + 3*v**2 - 4*v. Calculate g(-4).
0
Let y(a) = -18*a - 99. Calculate y(-6).
9
Let k(x) = x**2 - x. Give k(-3).
12
Let o(c) = -2*c - 50. Determine o(-10).
-30
Let x(s) = -s + 42. What is x(0)?
42
Let d(m) = -m**2 - 5*m - 1. What is d(-7)?
-15
Let m(d) = -d**3 - 6*d**2 + 3*d - 1. What is m(-6)?
-19
Let c(p) = p**2 - p - 2. Determine c(3).
4
Let t(c) = -14*c**3 - c**2 - 2*c - 1. Calculate t(-1).
14
Let p(c) = -8*c**2 - c - 14. What is p(-4)?
-138
Let a(n) = -n**3 - 4*n**2 + 12*n + 11. Determine a(-6).
11
Let b(f) = -f - 1. Determine b(2).
-3
Let a(i) = 3*i**3 - 3*i**2 - 3*i - 2. Calculate a(-1).
-5
Let t(o) = -2*o + 1. Give t(-8).
17
Let l(b) = -2*b**2 + 4. Calculate l(3).
-14
Let w(s) = s**3 + 6*s**2 + 6*s + 22. Determine w(-6).
-14
Let p(r) = 6*r + 12. Determine p(-6).
-24
Let p(z) = z**2 - 6*z + 11. What is p(5)?
6
Let k(h) = -2*h**2 - 34*h - 16. Determine k(-20).
-136
Let g(f) = -6*f**3 - 2*f**2 + f + 7. Calculate g(-2).
45
Let u(d) = -d**3 - 10*d**2 + 12*d + 14. Give u(-11).
3
Let n(p) = -p**2 - 11*p - 2. What is n(-10)?
8
Let t(c) = c**3 + 2*c**2 - 2*c + 3. Determine t(3).
42
Let s(p) = -5*p + 4. Determine s(7).
-31
Let j(w) = -20*w - 131. Calculate j(-6).
-11
Let c(u) = -u**2 + 4*u + 3. What is c(3)?
6
Let a(o) = o - 6. Give a(-7).
-13
Let o(d) = -d**3 + 3*d**2 + 7. Give o(4).
-9
Let b(z) = 314*z - 2192. Give b(7).
6
Let b(q) = q**2 - 57*q - 602. Give b(-9).
-8
Let b(m) = -2*m**2 + 58*m - 151. Determine b(26).
5
Let f(n) = 13*n + 101. Determine f(-10).
-29
Let t(m) = -m**3 + 5*m**2 + 5*m - 36. What is t(4)?
0
Let s(v) = v**2 + 6*v + 1. What is s(-6)?
1
Let t(r) = -r**3 + 9*r**2 - 61*r + 420. Calculate t(8).
-4
Let t(i) = i**2 - 2*i - 2. Calculate t(3).
1
Let n(f) = -f**3 + 13*f**2 - 12*f + 3. Give n(12).
3
Let z(u) = 4*u - 39. Determine z(11).
5
Let u(d) = -d**2 + 3. What is u(-6)?
-33
Let z(r) = r**2 - 7. Determine z(4).
9
Let f(m) = 32*m + 168. Give f(-5).
8
Let r(m) = m**3 + 5*m**2 - 6*m - 1. Give r(-6).
-1
Let o(m) = m**2 + 9*m - 23. What is o(-12)?
13
Let a(g) = -g**2 + 8*g - 14. Calculate a(7).
-7
Let v(q) = -2*q - 1. Give v(5).
-11
Let b(f) = f**3 + 4*f**2 - f - 3. Determine b(-4).
1
Let n(l) = -14*l**2 + 11*l - 9. Give n(1).
-12
Let l(h) = 13*h + 13. Give l(-5).
-52
Let c(t) = 6*t + 118. What is c(-19)?
4
Let y(s) = -17*s - 187. What is y(-11)?
0
Let r(t) = -24*t**2 + 2*t - 1. Determine r(1).
-23
Let r(b) = -b**3 - 2*b + 1. What is r(1)?
-2
Let i(a) = -10*a - 23. What is i(0)?
-23
Let h(d) = -d**3 - 9*d**2 - 19*d - 162. What is h(-9)?
9
Let q(a) = a**3 - 10*a**2 + 20*a - 27. Give q(8).
5
Let y(m) = 45*m + 12. What is y(-2)?
-78
Let w(s) = s**2 - 15*s. What is w(13)?
-26
Let w(k) = 2*k**2 + 15*k + 13. Determine w(-8).
21
Let w(z) = -3*z - 21. Calculate w(12).
-57
Let w(v) = 4*v + 116. Give w(-24).
20
Let u(x) = x + 11. Calculate u(3).
14
Let b(k) = 22*k - 9. What is b(3)?
57
Let q(g) = -g**2 - 2*g + 10. Determine q(-5).
-5
Let w(d) = d**2 - 15*d - 1. What is w(15)?
-1
Let y(q) = q - 8. Give y(9).
1
Let t(j) = 43*j - 44. What is t(2)?
42
Let c(o) = -11*o + 5. Give c(1).
-6
Let b(r) = r - 4. Calculate b(-29).
-33
Let m(d) = -16*d - 19. Give m(-2).
13
Let z(l) = 3*l**2 - 4*l + 4. Give z(3).
19
Let i(v) = -15*v - 54. Give i(-4).
6
Let b(z) = -4*z + 18. Give b(8).
-14
Let s(u) = 18*u - 79. Give s(5).
11
Let g(k) = k + 2. Calculate g(2).
4
Let g(r) = -r**2 + 20*r - 60. Give g(18).
-24
Let o(k) = -k**3 - 5*k**2 + 14*k + 2. Calculate o(-6).
-46
Let h(o) = o**3 + o**2 - 5*o - 3. Determine h(-4).
-31
Let d(u) = -u**3 - 2*u**2 - u - 7. Determine d(-2).
-5
Let g(k) = k**3 - 5*k**2 + 5*k - 4. Determine g(5).
21
Let b(u) = 2*u**2 + 25*u - 17. What is b(-13)?
-4
Let i(g) = -2*g + 9. Determine i(3).
3
Let s(p) = p**3 - 12*p**2 - 9. Determine s(12).
-9
Let m(v) = -v**3 - 16*v**2 + 17*v - 36. Calculate m(-17).
-36
Let g(p) = p**3 - 10*p**2 + 8*p - 1.